-74*((-9)/6)/3. What is the remainder when 25 is divided by j/4 + (-1)/4?
7
Let a(s) = 16*s**3 + 3*s**2 - 2*s - 4. Calculate the remainder when a(2) is divided by 27.
24
Calculate the remainder when (72/30)/(6/20) is divided by 3.
2
Suppose -2*t + 17 = 5*p, 2*t - p - 2*p - 57 = 0. Calculate the remainder when t is divided by (11/(-33))/((-2)/72).
9
Suppose b + 24 = 2*b. Let r = b - 14. What is the remainder when r is divided by 3?
1
Suppose 29*y = 32*y - 48. Calculate the remainder when 79 is divided by y.
15
Let m(x) = 6*x + 5. Let c be m(-2). Let s(i) = -i**3 - 6*i**2 + 5*i - 3. What is the remainder when 41 is divided by s(c)?
8
Calculate the remainder when 235 is divided by (0 - (-3)/(-12))/((-2)/136).
14
Let o = 14 + -9. Suppose o*u = u + 404. Suppose 3*y - u = -2*a, 4*a = -4*y - y + 171. Calculate the remainder when y is divided by 16.
15
Let n(v) = 8*v + 6. What is the remainder when n(7) is divided by 13?
10
Calculate the remainder when 56 is divided by -1 + 81/4 + (-4)/16.
18
Suppose -2*o + 2*u = -3*u - 7, -4*u = 2*o - 34. Calculate the remainder when 43 is divided by o.
10
Suppose 2*p - 289 = -5*i, 127 = 2*i - 0*i - 3*p. Let c = i - 25. Calculate the remainder when c is divided by 9.
7
Let u(p) = 2*p**3 + p**2 + 3*p - 3. Calculate the remainder when 67 is divided by u(2).
21
Let a(n) = n**3 - 8*n**2 - 8*n - 6. Let f be a(9). Suppose 0*m - 10 = -x - m, -x = -f*m - 22. Calculate the remainder when 25 is divided by x.
12
What is the remainder when 6*15/(-10)*-1 is divided by 5?
4
Let i(f) = 13*f - 10. Calculate the remainder when i(9) is divided by 22.
19
Suppose 4*b = 0, 0*b = -5*u - 2*b + 110. Let g = -16 + u. Calculate the remainder when 23 is divided by g.
5
Let f be (-30)/(-25)*15/6. Suppose -2*a = f*c + 4, -2*c - 4*a = -c + 18. What is the remainder when c is divided by 1?
0
Suppose 0 = -3*z + 4*h - 5*h + 5, 2*z - 22 = 4*h. What is the remainder when 5 is divided by z?
2
Let b be -3*(1 + -2) + 0. Suppose -b*w = 4*o - 147, -56 + 7 = -w + 5*o. Let g(r) = r**3 - 3*r**2 - 8*r + 7. What is the remainder when w is divided by g(5)?
15
Suppose 0*d + 2*d - 24 = 0. What is the remainder when 27/6*(12 - 2) is divided by d?
9
Let f = -26 + 38. What is the remainder when f is divided by 5?
2
Let q(b) = b**2 + b - 2. Suppose -13*p + 70 = -10*p - 5*c, 4*p + c - 55 = 0. What is the remainder when q(5) is divided by p?
13
Let x be (-3 + 0)*4/(-3). Let u = x - 0. Suppose -4*y = -4*l, 12 - u = y + l. Calculate the remainder when 10 is divided by y.
2
Let r(m) = 4*m**2 + m. Suppose -4*s + 106 = 2*o + 26, 3*o = 0. What is the remainder when r(3) is divided by s?
19
Suppose 0 = -5*o + 261 - 16. Suppose 9 = 4*z + 3*q - 0, o = 4*z - 5*q. Suppose 0 = 2*i - 5*i + 48. Calculate the remainder when i is divided by z.
4
Suppose 8 = o - 5. Suppose -4*c - 65 = -5*j, o = 2*j + c - 13. Let d = -51 + 75. What is the remainder when d is divided by j?
11
Let m(g) = 3*g**3 - 3*g**2 - g + 3. Calculate the remainder when 36 is divided by m(2).
10
Let m(p) = p**3 - 7*p**2 + 6*p - 9. Calculate the remainder when 98 is divided by m(7).
32
Let f = 2 - -1. Suppose -2*z - 89 = -f*d - 6, 0 = -5*d - 5*z + 105. Suppose 3*b - b - 26 = 0. What is the remainder when d is divided by b?
12
Let c = 85 - 45. Let b = 64 - c. What is the remainder when 70 is divided by b?
22
Suppose -b + m + 18 = 0, -67 - 9 = -4*b + 5*m. Calculate the remainder when 1 + 5/((-10)/(-52)) is divided by b.
13
Suppose 0 = 3*h + 15, 3*j + 2*j = h + 15. Suppose -25 = -j*s + v, 5*s - 26 = 2*v + 35. Let o = 1 - -30. What is the remainder when o is divided by s?
9
Suppose -2*y + 0*y = 4. Let p be -1 - (1 + 5)/y. Suppose p*x + f - 5*f - 6 = 0, -4*x - f + 39 = 0. What is the remainder when 17 is divided by x?
8
Suppose 16 = -2*s + 44. Suppose 0 = g - s. What is the remainder when 41 is divided by g?
13
Suppose 243 + 29 = 8*b. What is the remainder when 167 is divided by b?
31
Let i = 22 - 42. Calculate the remainder when 39 is divided by (-1)/(42/i + 2).
9
Let v be -2*((-6)/3)/(-1). Let h(n) = 4*n**2 + 3*n + 3. Calculate the remainder when h(v) is divided by 28.
27
Suppose -60 - 3 = -3*j. Suppose c + 18 = 2*c. Suppose -4*f + c = 2*m, 4*f - 18 = 2*f + 2*m. What is the remainder when j is divided by f?
3
Suppose 13*x - 79 = 155. Calculate the remainder when x is divided by 3.
0
Suppose -5*x + 25 = 0, -x - 2*x - 14 = -d. Calculate the remainder when d is divided by 6.
5
Let x(w) = -w + 4. Let i be x(7). Let n(g) = 3*g**2 - 3*g - 3. What is the remainder when n(i) is divided by 17?
16
Suppose -c + 6 = -3. Let j(d) = -d**3 + 8*d**2 + 13*d - 7. Calculate the remainder when j(c) is divided by (-4)/(-14) - 136/(-14).
9
Suppose -d - 3*r - 1 = 0, -3*r = -3*d - r + 30. Calculate the remainder when 28 is divided by d.
4
Let t(o) = o + 7. Let d be t(6). Suppose -5*l - 15 = -z + 4*z, -22 = 2*l - 2*z. Let y = l + d. Calculate the remainder when y is divided by 4.
3
Suppose 0 = 9*p - 50 - 121. Calculate the remainder when p is divided by (-20)/(-2) + 0 + 0.
9
Let c(u) = 1 + 7*u**2 - u**3 + 2*u - 4 + 0. Suppose 0 = 4*s + 5*l - 27, 4*l = -s + 5*l. What is the remainder when c(7) is divided by s?
2
Calculate the remainder when 47 is divided by ((-208)/91)/(4/(-14)).
7
Let p(c) = 3*c**3 - c - 3. What is the remainder when p(2) is divided by 5?
4
Let y be -1 - -6 - (-1)/1. Let b(j) = j - 1. Let g = 29 + -15. What is the remainder when g is divided by b(y)?
4
Let k = 72 - 14. Calculate the remainder when k is divided by 20.
18
Suppose -3*c = -0*c - 9. Suppose -4*r - 61 = -3*d, -d - c*r = 3*d - 123. Let u = 23 + -9. What is the remainder when d is divided by u?
13
Suppose -427 = -8*x + 29. Let p be -1*(-2)/(-2) - -1. What is the remainder when x is divided by 2/((-2)/(-15)) + p?
12
Suppose 0 = h - 12. Let x = h - 6. Calculate the remainder when 10 is divided by x.
4
Let p = -196 - -301. What is the remainder when p is divided by 28?
21
Suppose 114 = 3*g - 0*g. Let a(h) = -h**3 - 9*h**2 + 10*h + 2. Let j be a(-10). What is the remainder when g is divided by (j/(-3))/(4/(-78))?
12
Let r = 219 + -142. Let p(x) = -x**2 + 5*x. Let y be p(-5). Let b = y + r. What is the remainder when b is divided by 14?
13
Suppose q + 5 = 48. Let l = -12 - -35. What is the remainder when q is divided by l?
20
Let v = 16 + -7. Let a = v - -2. Calculate the remainder when 30 is divided by a.
8
Let d(t) = -t**2 + 1 + 1 - 1 - 3. Let a be d(2). Let k(g) = -3*g - 4. Calculate the remainder when 40 is divided by k(a).
12
Let m(r) = -r**2 - 9*r - 4. Suppose 8 = y - k, -2*k = -2*y + 2*k + 22. Calculate the remainder when m(-6) is divided by y.
4
Let d = 10 - 3. Suppose -d*z + 4*z = -45. Let l = -147 - -206. What is the remainder when l is divided by z?
14
Let i be ((-4)/20)/(1/(-5)). Suppose i = 2*y - 7. Suppose 0 = -3*m + 7*m + 3*v - 61, -m = -y*v - 1. What is the remainder when 37 is divided by m?
11
Suppose -4*r - 71 + 19 = 0. Let j = 24 + r. Suppose -j + 63 = 4*d. Calculate the remainder when 24 is divided by d.
11
Calculate the remainder when 56 is divided by 1/(-3) + 528/18.
27
Suppose 4*b - 32 = 12. What is the remainder when 41 is divided by b?
8
Suppose 3*v + 0*v = -3*h + 132, -3*h = 5*v - 222. Calculate the remainder when 269 is divided by v.
44
Suppose -34 = -3*j + 5. Suppose 0 = 5*i + 5*o - 10, -4*i - 3*o + 12 = 1. What is the remainder when j is divided by i?
3
Let z = -4 + 10. Let m = 9 - z. What is the remainder when 3 is divided by m?
0
Suppose -105 = -4*m - 473. Let t = 143 + m. What is the remainder when t is divided by 13?
12
Let n be 4/(-4) - 7*-1. Let t = n + 4. Calculate the remainder when t is divided by 6.
4
Let j be -1 - -11*2 - 2. Let d = j + -13. Suppose 0 = 4*h - 22 + 6. What is the remainder when d is divided by h?
2
Let n(p) = -p**3 + 3*p**2 + 3. Let r be n(6). Calculate the remainder when 42 is divided by r/14*(-4)/2.
12
Suppose 0*d = 8*d - 408. Calculate the remainder when d is divided by 26.
25
Let r(k) = -3*k. Let h be r(2). Suppose 7 = u - 2. What is the remainder when u is divided by (4/(-6))/(1/h)?
1
Let w(a) = -2*a**3 + 18*a**2 + 2*a. Calculate the remainder when 70 is divided by w(9).
16
Suppose -10 = -s + 3*d - 1, -s = 2*d - 24. Let v = 28 - 23. Suppose 30 = -2*k + v*k. What is the remainder when s is divided by k?
8
Let q =